factor of 224?
True
Does 11 divide 1642?
False
Is 757 a multiple of 13?
False
Is 11 a factor of 616?
True
Is 3 a factor of 55?
False
Does 10 divide 550?
True
Is 3098 a multiple of 31?
False
Does 4 divide 174?
False
Does 55 divide 3008?
False
Is 320 a multiple of 19?
False
Is 6012 a multiple of 12?
True
Does 29 divide 1079?
False
Does 18 divide 576?
True
Is 32902 a multiple of 29?
False
Is 197 a multiple of 8?
False
Is 30170 a multiple of 95?
False
Is 88 a factor of 264?
True
Is 12179 a multiple of 98?
False
Is 16034 a multiple of 9?
False
Does 52 divide 1872?
True
Does 15 divide 1029?
False
Does 18 divide 21939?
False
Is 5 a factor of 2236?
False
Does 7 divide 142?
False
Is 257 a multiple of 7?
False
Does 26 divide 16510?
True
Is 22 a factor of 3102?
True
Is 63 a factor of 2835?
True
Does 2 divide 4819?
False
Is 14 a factor of 138?
False
Is 10 a factor of 900?
True
Is 6168 a multiple of 24?
True
Does 219 divide 82332?
False
Does 60 divide 2760?
True
Is 16 a factor of 3264?
True
Is 10 a factor of 8882?
False
Does 131 divide 8777?
True
Does 51 divide 886?
False
Is 22 a factor of 11264?
True
Is 50821 a multiple of 35?
False
Is 900 a multiple of 50?
True
Is 748 a multiple of 53?
False
Does 3 divide 166?
False
Does 28 divide 4900?
True
Does 4 divide 1002?
False
Is 9775 a multiple of 56?
False
Does 22 divide 8329?
False
Does 7 divide 4648?
True
Is 17 a factor of 4492?
False
Is 56 a factor of 2416?
False
Is 7836 a multiple of 12?
True
Is 14795 a multiple of 42?
False
Is 639 a multiple of 12?
False
Is 315 a multiple of 35?
True
Is 19 a factor of 2033?
True
Does 7 divide 37396?
False
Is 28992 a multiple of 52?
False
Is 297 a factor of 51084?
True
Is 5 a factor of 595?
True
Is 12 a factor of 38698?
False
Does 107 divide 1070?
True
Is 2008 a multiple of 102?
False
Is 6 a factor of 763?
False
Is 280 a multiple of 14?
True
Is 4 a factor of 48?
True
Does 136 divide 77831?
False
Is 6 a factor of 80?
False
Is 29 a factor of 899?
True
Is 8 a factor of 24?
True
Is 9 a factor of 3672?
True
Does 234 divide 44928?
True
Does 2 divide 71?
False
Does 3 divide 601?
False
Is 8216 a multiple of 20?
False
Is 34733 a multiple of 10?
False
Does 2 divide 12020?
True
Does 11 divide 451?
True
Does 218 divide 36816?
False
Does 14 divide 1798?
False
Is 11 a factor of 803?
True
Is 2736 a multiple of 34?
False
Is 60 a multiple of 10?
True
Does 48 divide 881?
False
Is 608 a multiple of 16?
True
Is 15 a factor of 566?
False
Is 6 a factor of 12450?
True
Does 43 divide 2666?
True
Is 38 a factor of 3696?
False
Is 18 a factor of 1026?
True
Does 10 divide 1700?
True
Does 12 divide 47472?
True
Is 90 a factor of 1889?
False
Does 85 divide 10370?
True
Is 15 a factor of 7609?
False
Is 2333 a multiple of 3?
False
Does 2 divide 12434?
True
Is 1183 a multiple of 40?
False
Does 8 divide 3682?
False
Is 15517 a multiple of 59?
True
Is 3 a factor of 3168?
True
Is 567 a multiple of 9?
True
Does 144 divide 40320?
True
Does 14 divide 8024?
False
Is 36 a factor of 8928?
True
Does 12 divide 11451?
False
Is 38 a factor of 8194?
False
Does 195 divide 10885?
False
Is 9048 a multiple of 6?
True
Does 5 divide 13497?
False
Does 2 divide 7173?
False
Does 244 divide 14159?
False
Does 12 divide 108?
True
Does 48 divide 777?
False
Does 8 divide 38556?
False
Is 3376 a multiple of 18?
False
Does 12 divide 3108?
True
Does 35 divide 36762?
False
Is 645 a multiple of 12?
False
Is 898 a multiple of 50?
False
Does 20 divide 2680?
True
Is 156200 a multiple of 20?
True
Is 11 a factor of 206?
False
Is 7290 a multiple of 30?
True
Does 230 divide 81650?
True
Does 6 divide 1688?
False
Does 89 divide 1157?
True
Is 14549 a multiple of 14?
False
Is 4497 a multiple of 85?
False
Is 774 a multiple of 18?
True
Does 13 divide 14435?
False
Does 491 divide 19149?
True
Does 4 divide 200?
True
Does 17 divide 367?
False
Is 129 a factor of 20753?
False
Is 64 a multiple of 32?
True
Is 23 a factor of 11224?
True
Is 988 a multiple of 38?
True
Is 21 a factor of 1907?
False
Is 615 a multiple of 15?
True
Does 28 divide 4287?
False
Is 23606 a multiple of 362?
False
Does 75 divide 7050?
True
Is 8556 a multiple of 28?
False
Does 16 divide 4218?
False
Is 10665 a multiple of 10?
False
Is 26 a factor of 279?
False
Does 13 divide 1053?
True
Does 18 divide 23779?
False
Is 2937 a multiple of 33?
True
Is 19 a factor of 8849?
False
Is 21 a factor of 9597?
True
Does 14 divide 28168?
True
Is 59420 a multiple of 22?
False
Is 8896 a multiple of 139?
True
Is 492 a multiple of 6?
True
Is 21 a factor of 23264?
False
Does 3 divide 791?
False
Is 970 a multiple of 10?
True
Is 1392 a multiple of 29?
True
Does 6 divide 1326?
True
Does 30 divide 660?
True
Does 221 divide 7735?
True
Is 9 a factor of 117?
True
Does 21 divide 960?
False
Is 546 a multiple of 13?
True
Is 26837 a multiple of 62?
False
Does 136 divide 27336?
True
Is 21 a factor of 1175?
False
Does 60 divide 5949?
False
Is 25 a factor of 363?
False
Is 10 a factor of 41020?
True
Does 4 divide 9321?
False
Is 18 a factor of 7935?
False
Does 23 divide 2277?
True
Does 10 divide 25009?
False
Does 14 divide 54600?
True
Does 14 divide 2489?
False
Is 22696 a multiple of 16?
False
Is 4 a factor of 37?
False
Does 9 divide 5935?
False
Does 19 divide 9272?
True
Is 57 a factor of 1596?
True
Is 6 a factor of 1068?
True
Is 4 a factor of 3264?
True
Is 22 a factor of 1272?
False
Is 14 a factor of 8354?
False
Does 22 divide 458?
False
Is 35 a factor of 35?
True
Is 1504 a multiple of 70?
False
Does 77 divide 308?
True
Is 97 a factor of 974?
False
Is 329 a multiple of 6?
False
Does 76 divide 24320?
True
Is 728 a multiple of 8?
True
Is 47 a factor of 564?
True
Does 5 divide 1196?
False
Does 7 divide 686?
True
Is 9 a factor of 402?
False
Does 93 divide 51708?
True
Is 441 a multiple of 31?
False
Is 8 a factor of 5704?
True
Is 26 a factor of 11180?
True
Does 27 divide 5859?
True
Does 32 divide 26944?
True
Does 41 divide 287?
True
Is 3047 a multiple of 11?
True
Is 58 a factor of 884?
False
Does 3 divide 105?
True
Is 1232 a multiple of 28?
True
Is 569 a multiple of 8?
False
Is 35 a factor of 17679?
False
Does 37 divide 2111?
False
Does 8 divide 564?
False
Is 1896 a multiple of 50?
False
Does 8 divide 114?
False
Is 2291 a multiple of 29?
True
Is 21 a factor of 9932?
False
Is 1000 a multiple of 10?
True
Is 2 a factor of 233?
False
Is 31707 a multiple of 235?
False
Is 4266 a multiple of 18?
True
Is 70 a factor of 11527?
False
Does 13 divide 2977?
True
Is 21905 a multiple of 13?
True
Is 13 a factor of 39?
True
Does 11 divide 869?
True
Does 22 divide 9174?
True
Does 9 divide 14742?
True
Is 3691 a multiple of 16?
False
Is 16854 a multiple of 108?
False
Does 6 divide 70?
False
Is 901 a multiple of 53?
True
Is 4069 a multiple of 19?
False
Does 8 divide 776?
True
Is 2581 a multiple of 8?
False
Does 23 divide 7314?
True
Does 3 divide 8152?
False
Is 390 a multiple of 13?
True
Is 59 a factor of 2596?
True
Is 432 a multiple of 24?
True
Is 58 a multiple of 13?
False
Does 11 divide 4246?
True
Does 7 divide 97293?
True
Does 69 divide 394?
False
Does 10 divide 415?
False
Does 4 divide 238?
False
Is 3077 a multiple of 17?
True
Is 5586 a multiple of 49?
True
Is 1472 a multiple of 7?
False
Does 5 divide 2146?
False
Is 938 a multiple of 67?
True
Is 3475 a multiple of 7?
False
Is 520 a multiple of 52?
True
Does 7 divide 931?
True
Is 5992 a multiple of 28?
True
Does 150 divide 30255?
False
Does 33 divide 792?
True
Is 11 a factor of 46911?
False
Is 600 a multiple of 6?
True
Is 990 a multiple of 33?
True
Is 48510 a multiple of 294?
True
Does 35 divide 29400?
True
Does 18 divide 2536?
False
Does 9 divide 2601?
True
Is 3 a factor of 9845?
False
Is 7610 a multiple of 109?
False
Is 95 a factor of 3325?
True
Is 216 a multiple of 18?
True
Does 15 divide 24850?
False
Is 56 a factor of 35952?
True
Does 16 divide 5454?
False
Is 31 a factor of 10943?
True
Is 1860 a multiple of 10?
True
Is 2121 a multiple of 51?
False
Is 4 a factor of 733?
False
Is 55 a factor of 1323?
False
Does 10 divide 498?
False
Is 567 a multiple of 25?
False
Is 16728 a multiple of 123?
True
Is 16698 a multiple of 138?
True
Does 28 divide 345?
False
Is 13 a factor of 13910?
True
Is 1054 a multiple of 62?
True
Does 52 divide 44980?
True
Is 209 a multiple of 19?
True
Is 39963 a multiple of 11?
Tr